w(11)?
8
Let j(a) = 8146*a - 9925. What is the thousands digit of j(7)?
7
Let c be ((-152)/6)/((-26)/117). Let s = 137 - c. Suppose -s*x = -19*x - 736. What is the units digit of x?
4
Suppose -5*m - 32 = -182. Suppose 6*h - 1086 = -6. Let p = m + h. What is the hundreds digit of p?
2
Let w(v) = -2*v**2 + 39*v + 16. Let f be w(20). What is the tens digit of (-12285)/(-49) - f/14?
5
Let c(q) = -252*q + 815. What is the hundreds digit of c(-23)?
6
Suppose -1 = -16*v + 47. What is the tens digit of (v/15 + 1)/(6/5080)?
1
Let b = 20 + -17. Suppose 4*r = -2*c + 1352, -5*r + 333 = -4*r + b*c. What is the hundreds digit of r?
3
Suppose -4*o + 36764 = 4*r, -41*o + 45*o + 5*r - 36767 = 0. What is the thousands digit of o?
9
Let t(d) = -18*d + 20. Let u(s) = -6*s + 7. Let m(h) = -3*t(h) + 10*u(h). Let o be m(2). Let f(w) = 47*w**2 - 4*w - 3. What is the tens digit of f(o)?
9
Suppose -22*t + 2*y - 46436 = -26*t, -t + 11588 = 4*y. What is the units digit of t?
2
Let l(z) = -18 + 0*z + 3*z + 53 + 14. What is the tens digit of l(10)?
7
Let o = 11778 - 10941. What is the units digit of o?
7
Let v = -19240 - -40031. What is the hundreds digit of v?
7
Suppose -2*d + 24 - 4 = 5*g, 0 = -d - 2*g + 8. Suppose 4*u + 5*o - 40 = d, 0*u + o = u - 1. Suppose -3*w = -u*w + 68. What is the units digit of w?
4
Suppose 3 = -5*a + 3. Suppose a = 10*n - 2910 - 770. What is the units digit of n?
8
Let b(u) = -u**2 - 32*u - 77. Let g be b(-29). Suppose -2270 = g*x - 10660. What is the tens digit of x?
3
Let k be (1374/(-9))/((-14)/18) + (-4)/14. Let a(f) = 11*f - 7. Let r be a(-6). Let z = k + r. What is the hundreds digit of z?
1
What is the ten thousands digit of 768410/55 - (-36)/(-33)?
1
Suppose -4*k - 9546 = -3*s, -3*k - 12728 = -4*s - 0*s. What is the thousands digit of s?
3
Let c = -311 + 323. What is the tens digit of -3 + -3 + c - -60?
6
Let c = 5 + -2. Suppose 27*q - c = 26*q. Suppose 3*j - j = -q*a + 17, 4*a = -j + 1. What is the tens digit of j?
1
Let f(a) = -66*a**3 - a**2 - 6*a + 6. What is the units digit of f(-5)?
1
Let k be (-288)/(-27) - 10 - (-10)/3. Suppose -3*w + 559 = p, -4*w = -0*p - k*p + 2300. What is the units digit of p?
1
Let s(d) = d**3 - 21*d**2 + 32*d + 116. Let l be s(19). What is the thousands digit of l + 0 + 1286 + 248/62?
1
Let z = 8614 - 4045. What is the hundreds digit of z?
5
Let b be -15*((-10)/(-15) + -1). Suppose -1057 = 2*t - 3*t + b*p, -5*t - 4*p = -5140. What is the thousands digit of t?
1
Let y(z) = -4*z - 24. Let t be y(-11). Suppose 6*q - t = 2*q. Suppose -2*g - l = -2*l - 93, -q*g + 234 = -3*l. What is the tens digit of g?
4
Let a be (-30)/(-1) - 12*6/24. Let q = a + -1. Let g = 23 + q. What is the tens digit of g?
4
Let q = 48798 - 10673. What is the thousands digit of q?
8
Let k(g) = 6*g**3 - 6*g**2 + 22*g + 10. What is the units digit of k(10)?
0
Let l be 180 - (0 - 12/(-4)). Let d = -52 + l. Suppose -8*a + 91 = -d. What is the tens digit of a?
2
Suppose -2*u + 5*m + 41787 = 0, 31*u + 41802 = 33*u - 2*m. What is the tens digit of u?
0
Let q(d) = 2*d**2 - 18*d + 284. What is the thousands digit of q(44)?
3
Let x(k) = 53*k - 179. Let w be x(4). Suppose 0 = w*z - 46*z + 9191. What is the units digit of z?
7
What is the thousands digit of (-125)/25*5316/(-15)?
1
Let b be 2 - 1624/(-22) - (-2)/11. Let y(o) = 41 - 35 + 8*o - b. What is the units digit of y(21)?
8
Suppose 30*m = 31*m + 39. Let q = m + 558. Suppose -3*a - 96 = -q. What is the units digit of a?
1
Suppose -4735 + 195 = -10*o. What is the tens digit of o?
5
Suppose -v = 1001 - 3221. Suppose v = 2*x + 13*x. What is the units digit of x?
8
Suppose 24 = 2*g + 4*m, 0 = g - 4*m + 2*m - 20. Let z = 33 - g. Let f(y) = -y**2 + 20*y + 35. What is the units digit of f(z)?
6
Suppose 0 = 115*b - 112*b + 3*p - 32673, 4*b - 2*p = 43588. What is the ten thousands digit of b?
1
Let z(h) = 3266*h - 2962. What is the thousands digit of z(24)?
5
Let y(d) = 6527 - 6*d + 22*d**2 - 6521 - 24*d**2 - 6*d + d**3. Let a be -16*(0 + (-2)/4). What is the hundreds digit of y(a)?
2
Let c be ((-30)/(-8))/(63/420). Let a = c - -402. What is the units digit of a?
7
What is the hundreds digit of ((-5274438)/285)/((-4)/10) + 10?
2
Let l(x) = -120*x**3 + 5*x**2 + 10*x - 17. What is the ten thousands digit of l(-5)?
1
Let q = -939 - -942. Suppose 3*w + 3*c = -c + 2579, 0 = q*w - 2*c - 2567. What is the hundreds digit of w?
8
Let q = 2874 - 804. Suppose 5*b - 16*y + 21*y = 2600, -4*b + y + q = 0. What is the tens digit of b?
1
Suppose -19*y + 176 = -930 - 965. What is the hundreds digit of y?
1
Let v be -3*(-3)/(-27)*-18. Suppose 9*m = 6*m + 3330. Suppose v*q = -4*q + m. What is the units digit of q?
1
Let i = 2039 - -1779. What is the hundreds digit of i?
8
Let x = -11054 + 12368. What is the hundreds digit of x?
3
Let y = 43 - 31. Let v be (-18)/y*(-232)/12. Suppose 0 = -3*d - 2*d + 5*u + 170, d + 4*u = v. What is the tens digit of d?
3
Let i be 6/(-30) + 1/5. Let x(j) = j**2 + j + 3. Let w be x(i). Suppose w*z - 3*b = 177, 2*b + 124 = 2*z + 6*b. What is the tens digit of z?
6
Let n be (-1)/((-4)/148 + 0). Let v = 37 - n. Suppose 4*u + 3*x = 25 + 5, v = -2*u - x + 14. What is the units digit of u?
6
What is the units digit of 21284 - (-6 - 0/(-4))?
0
Let d(p) = -9*p**2 - 15*p - 1. Let j(b) = b**2 + 2*b + 1. Let u(x) = -3*d(x) - 21*j(x). What is the units digit of u(7)?
7
Let s(k) = 8*k**3 + k**3 + 2*k**2 + 3*k + 19 + 5*k**2 - 9*k**2. What is the hundreds digit of s(4)?
5
Suppose -h + 132 = 127. Suppose -h*j + 4*j + 5*r = -170, 2*j = 4*r + 316. What is the hundreds digit of j?
1
Suppose 0*y + 2*y = 5*p + 5, -y + p = -4. Suppose 0 = 2*r - 4*v - 128, -174 = -3*r - y*v + 2*v. What is the tens digit of 5/((-5)/2) + r?
5
Let w(x) = -16*x**3 + 11*x**2 + x - 68. What is the hundreds digit of w(-8)?
8
Suppose 7 = 4*f - 1. Suppose -v = -2*h + 561, -3*v + 3 = -f*v. Suppose 2*w - h = -3*a, -2*a + 0*a = 2*w - 278. What is the units digit of w?
5
Suppose -72958 + 602147 + 1198271 = 35*y. What is the thousands digit of y?
9
Let o = -2534 - -4520. What is the tens digit of o/21 + (-4)/21*3?
9
Suppose -27*w + 1578852 - 551397 = 28*w. What is the hundreds digit of w?
6
Suppose -3*q + 2*i = -q + 274, -3 = 3*i. Let x be -2 - 5/(15/q). Suppose -a = -5*d + 75 + 19, -2*a - x = -2*d. What is the units digit of d?
8
Let k(u) = 80*u - 556. What is the units digit of k(73)?
4
Let c = 34940 + -23748. What is the thousands digit of c?
1
Let z(r) = -r**3 + r**2 + 13*r. Let f be z(4). Suppose -f*y + 1590 = 4*c - 106, 0 = -3*y + 2*c + 1282. What is the tens digit of y?
2
Let x(g) = g**3 + 9*g**2 + 15*g + 8. Let j(q) = 10*q + 3. Let o be j(-1). Let a be x(o). Suppose -17*l = a - 137. What is the units digit of l?
8
Let a(s) = 3*s**2 - 24*s - 25. Let k be -1*((-8)/(-4))/(2/(-6)). Let d be (-1)/k*-2 + 224/21. What is the units digit of a(d)?
4
Suppose -2*h = 5*r - 6650, -h + 5*r + 1667 + 1613 = 0. What is the tens digit of h?
1
Let b(j) = 1564*j - 1955. What is the ten thousands digit of b(41)?
6
Suppose 40050*w - 34498 = 40048*w. What is the hundreds digit of w?
2
Suppose -149*s + 1191665 = 195*s - 2351191. What is the thousands digit of s?
0
Suppose 4*p - 527 = 4*k + 3*p, -k + 5*p - 127 = 0. Let j be k/5 + 4/50*5. Let m = 35 + j. What is the units digit of m?
9
Let t(z) = 2*z**2 - 31*z - 38. Let p(c) = 19*c - 9. Let i be p(0). What is the units digit of t(i)?
3
Let n(a) = 25*a - 3. Let t(w) = 8*w**2 + 3*w + 4. Let c be t(-2). Suppose -c*y + 2 = -29*y. What is the tens digit of n(y)?
4
What is the thousands digit of (-18 + 17)*(-6524 - -3)?
6
Let v(b) = -b**3 + 9*b**2 + 22*b + 9. Let z be v(11). Suppose -z*j = -2*j - 42. What is the units digit of (-3)/j*-39 + 2/(-4)?
9
Suppose -u = -4*a + 981 - 180, -2*u - 5*a = 1550. What is the units digit of ((-12)/(-5))/(-6)*u?
4
Suppose -2*y - 1351 = 5*w - 19676, -3*w = -y - 11006. What is the tens digit of w?
6
Suppose 160 = 29*f + 15. Suppose -2*o - f*o + 2527 = 0. What is the units digit of o?
1
Suppose 3*h + 4*m - 9033 = 0, 5085 = 4*h - 4*m - 6959. Let g = h + -1602. What is the hundreds digit of g?
4
Let w(i) = -2*i**3 - 9*i**2 + 7*i + 5. Let s be w(-5). What is the thousands digit of ((-190)/4)/s*192?
1
What is the units digit of (-77)/(-22)*1646/1 + 4?
5
Let q = 5672 + 2594. What is the t